+ -204?
-243121141
In base 14, what is 21b730d0 - 4?
21b730ca
In base 3, what is 1211202121211212211 + 11?
1211202121211212222
In base 4, what is 2 + -2311003?
-2311001
In base 14, what is -53d98169 - -4?
-53d98165
In base 14, what is -4 - 4413928?
-441392c
In base 14, what is 2d6089 - 10?
2d6079
In base 2, what is 10010110100110001 - -10000000?
10010110110110001
In base 15, what is 9505976 - -3?
9505979
In base 9, what is 8 - -32713?
32722
In base 5, what is 1 + -12212314143?
-12212314142
In base 8, what is 2 + 416544713?
416544715
In base 13, what is -74 - 42292?
-42336
In base 16, what is 0 + 8285c?
8285c
In base 12, what is 0 - 83629?
-83629
In base 3, what is -11 - 121101101220222?
-121101101221010
In base 2, what is -111101001111001101 - -11000101?
-111101001100001000
In base 16, what is -26a3 + -1d34?
-43d7
In base 11, what is 7a - -8082?
8151
In base 16, what is 6d34b3 - e?
6d34a5
In base 11, what is 27 - -42a235?
42a261
In base 2, what is -11110011100010011111 + 101?
-11110011100010011010
In base 13, what is 0 + 1699685c?
1699685c
In base 3, what is -2121222110112 - -121?
-2121222102221
In base 14, what is -1 + 2c64518?
2c64517
In base 13, what is 161215 - 16?
1611cc
In base 3, what is -22121122010222 - -11?
-22121122010211
In base 16, what is 1e0 + 1246?
1426
In base 15, what is -364615a + 3?
-3646157
In base 13, what is 2 - -1933a5a?
1933a5c
In base 7, what is -65421 - 205616?
-304340
In base 12, what is 4 + -537292?
-53728a
In base 8, what is 12366 + 71451?
104037
In base 10, what is -14408469 - -5?
-14408464
In base 10, what is 25385 - 1264?
24121
In base 5, what is 13411112242 + 2?
13411112244
In base 16, what is -51d61 - -45?
-51d1c
In base 4, what is 12321133 - 3201?
12311332
In base 2, what is 10001000001110 + -1000010111011011?
-110001111001101
In base 6, what is 501022341 + 2?
501022343
In base 4, what is -313 + -2312221213?
-2312222132
In base 12, what is 141872 - 13?
14185b
In base 14, what is 149 - a2231?
-a20c6
In base 2, what is -10010110011111010100 - 100?
-10010110011111011000
In base 13, what is -893 + 90b?
48
In base 12, what is b9770 - -12?
b9782
In base 2, what is -1101000101011010010111000 + 0?
-1101000101011010010111000
In base 10, what is -2471 + 1477?
-994
In base 16, what is 6910e + 6?
69114
In base 16, what is 4 + -1cfe289?
-1cfe285
In base 9, what is 7686821 - 0?
7686821
In base 14, what is 1d2dd - 18d5?
1b808
In base 9, what is 618237 - 21?
618216
In base 14, what is -123 - 67c75?
-67d98
In base 8, what is 271524 - 256?
271246
In base 16, what is -1526a + 2?
-15268
In base 4, what is 2103103330 - -1132?
2103111122
In base 9, what is 10825 + -1000?
8825
In base 15, what is 6d2aa - 14?
6d296
In base 12, what is a53b71 + -9?
a53b64
In base 15, what is -9 - -282de?
282d5
In base 8, what is -2 - -2110366214?
2110366212
In base 10, what is -3 + 40349781?
40349778
In base 4, what is -310 - 12323333020?
-12323333330
In base 8, what is -106132 - -1411?
-104521
In base 12, what is -25 + -165a1?
-16606
In base 15, what is 6c8e + 15a?
6de9
In base 2, what is -11001000000111 - -111111110100101?
100110110011110
In base 2, what is 1000000 + 11101111000011100?
11101111001011100
In base 8, what is 1245 + -47257?
-46012
In base 3, what is 111000212222100 + 2012?
111000220001112
In base 12, what is 44 - -58a412?
58a456
In base 9, what is -726437612 + 4?
-726437607
In base 10, what is 109098 - 2023?
107075
In base 14, what is 4 + -a2374?
-a2370
In base 7, what is 10526 + -5626?
1600
In base 13, what is -13ba - 2a92?
-417c
In base 3, what is -11222222201 - -22021122?
-11200201002
In base 2, what is 1 - 101000001100011111110100?
-101000001100011111110011
In base 14, what is -309ac4a - -14?
-309ac36
In base 9, what is -14 + -1083234?
-1083248
In base 11, what is 131396a65 - -4?
131396a69
In base 9, what is 338 + 857081?
857430
In base 15, what is -19d8a1 - -5?
-19d89b
In base 16, what is -88a - -1769?
edf
In base 13, what is -15b3 - -a04c?
8769
In base 11, what is 10017 + -2974?
8153
In base 6, what is -201531103 + 120?
-201530543
In base 16, what is 13ba1d - 0?
13ba1d
In base 8, what is -1610776 + 2375?
-1606401
In base 14, what is -79 + 5048bb?
504842
In base 15, what is -e0 + 33124a?
33115a
In base 5, what is -2303221011044 - 1?
-2303221011100
In base 10, what is -291 - 143917?
-144208
In base 7, what is -1546 + -160035?
-161614
In base 13, what is -8b87c + a2?
-8b7aa
In base 10, what is 11118 + 58459?
69577
In base 13, what is 6236b88 + -2?
6236b86
In base 4, what is 1 + 12131313222?
12131313223
In base 10, what is 41565 + -202?
41363
In base 5, what is 2244 - -1124430441?
1124433240
In base 13, what is -15c - 5015?
-5174
In base 12, what is -10a4626 + 1?
-10a4625
In base 7, what is 36603 - 221?
36352
In base 4, what is 1120 + -33032220201?
-33032213021
In base 2, what is -100 + 110010010101111100110?
110010010101111100010
In base 7, what is 44145106 + 1?
44145110
In base 7, what is 4 + -10525524?
-10525520
In base 14, what is -130a7 + 245?
-12c62
In base 12, what is 1422926 + 4?
142292a
In base 10, what is 93 - 138041?
-137948
In base 2, what is -111 + -100100111001000111110?
-100100111001001000101
In base 7, what is 32046 + -503555?
-441506
In base 16, what is -3045 + -64d?
-3692
In base 6, what is 4 - 102432441?
-102432433
In base 10, what is -49333 + 277?
-49056
In base 16, what is -f4 - -249ee?
248fa
In base 16, what is -33c + 5c?
-2e0
In base 7, what is 0 - 15651362?
-15651362
In base 5, what is -10 - 210320122000?
-210320122010
In base 3, what is -1110212 - -201202000?
200021011
In base 14, what is -114 + -a79?
-b8d
In base 10, what is 936190 - -7?
936197
In base 16, what is bf895a - -6?
bf8960
In base 13, what is -5 + -170416?
-17041b
In base 11, what is -3a + 128887?
128848
In base 8, what is -1635571 - -3?
-1635566
In base 15, what is -392eb - 77?
-39373
In base 16, what is -106c4120 - -5?
-106c411b
In base 13, what is -1c - 3164760?
-316477c
In base 11, what is 2 + -a993097?
-a993095
In base 16, what is -a7 + -30cbd?
-30d64
In base 6, what is 413 - 351243?
-350430
In base 11, what is -5975799 - 1?
-597579a
In base 3, what is 101 - -1201021012220200?
1201021012221001
In base 16, what is -2f - -18055a?
18052b
In base 5, what is -122413203 - 11403?
-122430111
In base 15, what is -17 - -536b4?
5369c
In base 14, what is 3 - -1bdd87?
1bdd8a
In base 13, what is 95aab7b - 0?
95aab7b
In base 2, what is 11 - -111101110101001011011?
111101110101001011110
In base 5, what is 322334 - 14442?
302342
In base 15, what is -1aa8 + -3bc9?
-5782
In base 15, what is -a7 + -e93a3?
-e945a
In base 16, what is -3 + ddc0f?
ddc0c
In base 4, what is 10123220120 + 111?
10123220231
In base 6, what is -3303 - 1550034?
-1553341
In base 9, what is 3 + 55876823?
55876826
In base 11, what is -2745936 + 5?
-2745931
In base 12, what is 26b1 + -1566?
1147
In base 10, what is 2835776 - -55?
2835831
In base 12, what is 7b0 + -562a?
-4a3a
In base 2, what is -101010011011101 - -1010011111?
-101001000111110
In base 15, what is 17ce3 - 2bcd?
15115
In base 6, what is -12214102203 - 1?
-12214102204
In base 11, what is 1a93 - 2141?
-159
In base 7, what is -42246 + -23024?
-65303
In base 7, what is -4413531 + 65?
-4413433
In base 11, what is -10a6 + -134136?
-135231
In base 7, what is -5 - -51552215?
51552210
In base 2, what is 1111000 + 100100100100100?
100100110011100
In base 4, what is 1320113020101 - -123?
1320113020230
In base 16, what is 1adecf - -2?
1aded1
In base 5, what is -2 - -3013323221?
3013323214
In base 13, what is 4 + -484798?
-484794
In base 5, what is -103220 + 24022?
-24143
In base 3, what is 22202 + 12000022?
12100001
In base 3, what is 1021111021 - -2102?
1021120200
In base 5, what is 121413 + 201224?
323142
In base 12, what is 5316468 - 7?
5316461
In base 4, what is 303001033211 - -120?
303001033331
In base 13, what is 14534b8 + -8?
14534b0
In base 16, what is 1ef93 + -b1?
1eee2
In base 15, what is 1e6 - 135208?
-135012
In base 5, what is -14243312 + -130414?
-14424231
In base 6, what is -3 + 34403330?
34403323
In base 4, what is 10230003 + -223020?
10000323
In base 11, what is -363a4 - -161?
-36243
In base 2, what is -11110 + -1101101110101001111111100?
-1101101110101010000011010
In base 14, what is 86301d + 4?
863023
In base 2, what 